
Let n = 1315 - 1895. Let q = 1490 + n. What are the prime factors of q?
2, 5, 7, 13
Let z(c) = 7*c - 19. Let b be z(3). Suppose b*u - 452 = j - 3*j, -8 = 4*u. What are the prime factors of j?
2, 3, 19
Suppose -4*x - 4*i + 33060 = 0, 0 = -3*x + 7*x + 5*i - 33060. What are the prime factors of x?
3, 5, 19, 29
Let v(z) = -z**3 + 10*z**2 + 22*z + 29. Let b be v(12). Suppose -b*c = 4*r - 3277, 25*r - 2*c = 26*r - 820. List the prime factors of r.
2, 409
Let o(k) = k**3 - 3*k**2 - 9*k + 2. Let n = -31 + 38. Let g be o(n). Suppose -4*z - g = -5*z. What are the prime factors of z?
3, 5
Let b be (11/(275/(-30)))/(1/(-395)). Let o be (-2 - 1)/(9/b). What are the prime factors of -3*o/6 + 0/(-2)?
79
Let b = -11395 + 20814. List the prime factors of b.
9419
Let k = 73 + -94. Let i = k + 15. What are the prime factors of ((-496)/(-12))/((-4)/i)?
2, 31
Let d = 474 - 67. Let c = d - -949. List the prime factors of c.
2, 3, 113
Let s(g) = 287*g + 1651. List the prime factors of s(-5).
2, 3
Suppose 0 = -3*c + 3*b + 2*b - 70, -34 = 2*c + 3*b. Let w(l) = l**2 + 20*l + 15. Let t be w(c). Suppose 0 = a - t - 48. What are the prime factors of a?
3, 7
List the prime factors of (42/5)/((-12104)/(-2420) + -5).
2, 3, 7, 11
Let n(v) = -8*v - 34. Let p be n(-4). Let b be -2 + (p - (0 + 3 + -154)). Suppose -r = -b + 2. What are the prime factors of r?
5, 29
Suppose 0 = -7*q - 262 + 1074. Suppose -3*z - q + 95 = 0. List the prime factors of 681/7 + 2/z.
97
Let w be (-43)/(-15) + 40/300. Suppose -w*j - 23 = 22. Let x(t) = t**3 + 14*t**2 - 18*t + 21. What are the prime factors of x(j)?
2, 3, 11
Let s(i) = -5*i**3 + 8*i**2 - 8*i + 137. What are the prime factors of s(-18)?
103, 311
Suppose 3*b + 4 = -4*g, 8*b - 12 = 7*b + 2*g. Suppose -3*p - c + 1895 = 0, -5*p + 3170 = -0*p + b*c. List the prime factors of p.
2, 3, 5, 7
Let l(v) = -14*v + 145. Let s be l(10). Suppose 4*q + 18*a - 6041 = 15*a, 0 = s*q + 2*a - 7560. What are the prime factors of q?
2, 757
Let d(g) = 55*g - 2. Let l be d(1). Suppose -450 = 11*u - 2*u. Let h = u + l. List the prime factors of h.
3
Let h(o) = -2*o**2 + 4*o**2 + 17*o - 26 - 3*o**2. Let n(p) = -p**3 - 23*p**2 + p + 34. Let k be n(-23). List the prime factors of h(k).
2, 5
Let k be 48/(-12)*(-2 - 2/1). Suppose 0 = 3*y - 4*q + k, 4*y - 3*y - q = -5. Let p(s) = 2*s**2 + 6*s + 9. What are the prime factors of p(y)?
17
Let h = -172 + 188. What are the prime factors of 2 + h/12*102?
2, 3, 23
Let s be ((-13)/2)/((-3)/(-6)). Let w(i) be the third derivative of -23*i**4/24 + 4*i**3/3 - 2*i**2 - 41*i. What are the prime factors of w(s)?
307
Let g = -27 - -15. Let r = g - -1. Let j(m) = m**3 + 11*m**2 - 8*m - 26. What are the prime factors of j(r)?
2, 31
Suppose -82991 = -29*x + 126505. List the prime factors of x.
2, 3, 7, 43
Suppose 13*o = -4122 - 7903. Let i = 69 - o. List the prime factors of i.
2, 7, 71
Suppose -4*u - d + 216367 = 0, 8*d = 3*u + 12*d - 162246. List the prime factors of u.
2, 17, 37, 43
Let f(r) = -r**3 - 17*r**2 + 33*r - 75. Let j be f(-19). Suppose -5576 = -j*h + 7384. What are the prime factors of h?
2, 3
Let u be (-2)/10 + (-187)/(-85). List the prime factors of (u*3/4)/((-24)/(-2864)).
179
Let a(y) = y**3 - 5*y**2 - 8*y + 8. Let v be a(7). Let c be (-3)/9*-6 - v. Let t = c - -82. List the prime factors of t.
2, 17
Suppose 4*y = -a + 1 + 1, 7 = y - 3*a. Let d be -3 + (-4 - -6) - y. Let i(b) = -19*b - 6. What are the prime factors of i(d)?
2
Let a be 0 + -5 - (-3)/(12/16). Let y be 0/((-4 - -2)*a). Suppose 3*b = 7*b + 5*g - 544, -5*g + 20 = y. List the prime factors of b.
131
Suppose 33*t = -2*a + 35*t + 25532, -4*a - 2*t = -51082. List the prime factors of a.
113
Suppose -24 = 3*p - 5*p. Let b = -8 + p. Suppose 0 = -b*h + 71 + 93. List the prime factors of h.
41
Let w = -28059 - -50564. What are the prime factors of w?
5, 7, 643
Let y be -10*3/24*8. Let s(m) = -m**2 - 7*m - 2. Let f be s(-8). List the prime factors of ((-142)/f - 1)*(y + 15).
2, 3, 11
Let w be 60/210 - (-19)/7. Suppose -53 = -w*t + 16. What are the prime factors of t?
23
Let h = -286 + -762. Let k = 456 - h. What are the prime factors of k?
2, 47
Suppose 0 = -3*s + 2*h + 2310, -7*h + 4*h = 5*s - 3831. Suppose -i + s = 2*i. List the prime factors of i.
2
Let k be (-4)/6*(-195)/26. Suppose -5*b = -3*j + 220, 5*j - k*b + 3*b - 354 = 0. Suppose -x = m - j, 5*x - 4 = 21. List the prime factors of m.
5, 13
Let n(f) = -f**3 - 5*f**2 - 6*f - 6. Let l be n(-4). Suppose 12 = l*j + 2, -3*j + 947 = 4*s. List the prime factors of s.
233
Suppose -8*j + 26*j - 164520 = 0. Suppose -17*u + 91964 - j = 0. What are the prime factors of (-2)/10 + u/35?
139
Let j(n) = 3*n**3 - 37*n**2 - 3*n + 60. List the prime factors of j(19).
31, 233
Let n = 869 + -864. Suppose 0 = n*g - 5*q - 2085, 6*g - 3*g - 1255 = q. What are the prime factors of g?
419
Suppose x - 2*q - 1 = 0, -1 = -2*x + x - 5*q. Let d be ((-1)/(-3))/x + (-56)/(-12). Suppose d*n = 3*n + 206. List the prime factors of n.
103
Let x(v) = 103*v + 2. Let l(d) = 410*d + 7. Let t(i) = 2*l(i) - 9*x(i). List the prime factors of t(-2).
2, 3, 5, 7
Let f = 20 + 62. Suppose 412 = -f*s + 83*s. What are the prime factors of s?
2, 103
What are the prime factors of (57/(-114) - -1*9003)*(-4)/(-5)?
2, 13, 277
Suppose 214742 = 54*i - 1267072. What are the prime factors of i?
3, 3049
Suppose 241*j - 243*j - 168 = 0. List the prime factors of (69/2)/(-8 + (-681)/j).
2, 7, 23
Suppose 57015 + 32607 = 6*z. What are the prime factors of z?
3, 13, 383
List the prime factors of -6 - 1*(-102)/36*-51*-218.
5, 6299
List the prime factors of (-272034)/(-294) + 4/(-14).
5, 37
Let k = 141 + -131. Suppose k*v + 118 = 498. List the prime factors of v.
2, 19
Let k = 86093 + -59724. List the prime factors of k.
7, 3767
Let u = -3046 + 5285. What are the prime factors of u?
2239
Suppose 41*u + 128*u + 266581 - 1824761 = 0. What are the prime factors of u?
2, 5, 461
Suppose -4 = 4*y, -3*l + 15137 + 7971 = 4*y. List the prime factors of l.
2, 3, 107
Let n = 113 - 111. Suppose r = 7*j - n*j - 378, -4*j = -2*r - 306. List the prime factors of j.
3, 5
Suppose -4*f + 3*z - 7*z = -2104, 2*f = -5*z + 1043. Suppose -2*l + 5*c = -f, -4*c = 7 + 5. List the prime factors of l.
257
Suppose -5*v + 925 = 3*g, 4*g - 1205 = -5*v + 4*v. Let y = -90 + g. Suppose -5*s + 10*s - y = -2*l, -2*l - 2*s = -204. List the prime factors of l.
2, 5
Let a = 105 + 607. Suppose 3*m - a = -5*b, -m - b - 980 = -5*m. List the prime factors of m.
2, 61
Let n = -36 - -51. Let g = n + 32. Let b = -11 + g. List the prime factors of b.
2, 3
Suppose 0 = 5*p - 2*b - 203344, 32*b - 37*b = -15. What are the prime factors of p?
2, 5, 7, 83
Let w(f) = 11*f**2 - f + 13. Suppose -7*y - 18 - 10 = 0. Let d be w(y). Suppose -2*m + 4*g = -91 - d, 4*m - 2*g - 556 = 0. What are the prime factors of m?
2, 3, 23
Suppose 7 = 8*r + 39. Let g(c) = 1. Let n(d) = -2*d**3 - 6*d**2 - 11*d - 11. Let f(h) = 3*g(h) + n(h). What are the prime factors of f(r)?
2, 17
Let k(o) = -2 + 11*o + o**2 - o**3 + 3*o**2 - 4. Let p be k(5). Suppose -4*l - p + 215 = -3*d, 4*l = 5*d + 193. What are the prime factors of l?
47
Suppose -19*q - 27134 + 29145 = -83679. List the prime factors of q.
2, 5, 11, 41
Let g = -15 + -49. Let p be g/5 + (-10)/50. Let h = p - -47. List the prime factors of h.
2, 17
Let y = 35 - 32. Suppose -8 = -y*o - 5*q + 9, 12 = 3*q. What are the prime factors of (-4 - -1)/(0 - o)*-73?
3, 73
Suppose y - 2*y = -2*n - 29, -115 = -5*y - 5*n. Let u(w) = -2*w - 3*w - 12*w - y*w + 34. List the prime factors of u(-3).
2, 5
Let q(r) = r**2 + 9*r - 7. Suppose -3*x + 108 = 138. Let m be q(x). Suppose 0*b - b = 5*y - 146, -m*y = 0. List the prime factors of b.
2, 73
Let z(w) = 52*w**3 - w**2 - 4. Let d be z(2). Let a = 182 + d. List the prime factors of a.
2, 5, 59
Suppose -l + 46*u = 43*u - 44319, u - 132967 = -3*l. List the prime factors of l.
2, 3, 83, 89
Suppose -11*b - 918 = -14*b. Suppose 3*a - 974 + b = -4*r, 688 = 4*r - 2*a. List the prime factors of r.
2, 5, 17
Let p = 17956 + -6521. List the prime factors of p.
5, 2287
Let d(k) = 3*k**2 + 93*k + 215. List the prime factors of d(-64).
6551
Let u(p) be the second derivative of 7*p**4/12 - 17*p**3/6 + 27*p**2/2 + 212*p. What are the prime factors of u(13)?
23, 43
Suppose -11 